{"id":245,"date":"2023-02-11T14:02:56","date_gmt":"2023-02-11T13:02:56","guid":{"rendered":"https:\/\/www.flugplatz-uelzen.de\/wordpress\/?page_id=245"},"modified":"2026-03-18T10:33:29","modified_gmt":"2026-03-18T09:33:29","slug":"segelflug-ausbildung","status":"publish","type":"page","link":"https:\/\/www.flugplatz-uelzen.de\/wordpress\/segelflug-ausbildung\/","title":{"rendered":"Segelflug-Ausbildung"},"content":{"rendered":"\n<p class=\"has-colibri-color-6-color has-text-color\">Sie sind vom Flugsport begeistert und haben Lust auf\u00b4s Fliegen und eine Ausbildung auf hohem Niveau? Dann sind Sie bei uns genau richtig! Wir, der Flugsportverein Cumulus e.V., betreiben am Flugplatz Uelzen eine zugelassene Flugschule, in der nach EU-Richtlinien aufgebaute Ausbildungslehrg\u00e4nge angeboten werden. Sie k\u00f6nnen bei uns eine Segelflugpilotenlizenz erwerben, und Lizenzinhaber haben die M\u00f6glichkeit, Zusatzberechtigungen zu erhalten oder ihre Lizenz zu verl\u00e4ngern bzw. zu erneuern. Voraussetzung f\u00fcr die Nutzung der Flugschule ist eine Vollmitgliedschaft in unserem Verein.<\/p>\n\n\n\n<p class=\"has-colibri-color-6-color has-text-color\">F\u00fcr die theoretische und praktische Flugausbildung steht ein Team von qualifizierten Segelfluglehrern zur Verf\u00fcgung. Der Theorie- und Praxisunterricht selbst ist kostenlos, da er von den Fluglehrern in ehrenamtlicher T\u00e4tigkeit erbracht wird. Das bedeutet, Segelflugsch\u00fcler bezahlen nur ihren Mitgliedsbeitrag, in dem eine FLATRATE f\u00fcr die Windenstarts und Chartergeb\u00fchren enthalten ist.<\/p>\n\n\n\n<p class=\"has-colibri-color-6-color has-text-color\">Sie k\u00f6nnen sich auf dieser Seite einen ersten \u00dcberblick \u00fcber die Segelflugausbildung bei uns verschaffen. Wenn Sie mehr erfahren m\u00f6chten, kommen Sie w\u00e4hrend der Flugbetriebszeiten bei uns auf dem Flugplatz vorbei und sprechen uns an. Ein Vorstandsmitglied oder Fluglehrer kann Ihnen dann alles weitere \u00fcber den Verein und zum Thema Ausbildung erkl\u00e4ren. Nach Absprache haben Sie auch die M\u00f6glichkeit, einen Schnupperflug mit einem Fluglehrer zu machen.<\/p>\n\n\n\n<p class=\"has-colibri-color-6-color has-text-color\">Gerne vereinbaren wir auch einen Gespr\u00e4chstermin mit Ihnen. Bitte nutzen Sie das Kontaktformular f\u00fcr Terminanfragen oder Fragen zur Segelflugausbildung.<\/p>\n\n\n\n<div style=\"height:50px\" aria-hidden=\"true\" class=\"wp-block-spacer\"><\/div>\n\n\n\n<h2 class=\"wp-block-heading\">LIZENZ F\u00dcR SEGELFLUGZEUGF\u00dcHRER<\/h2>\n\n\n\n<p class=\"has-colibri-color-6-color has-text-color\">Im Segelflug bilden wir f\u00fcr die \u201eSailplane Pilot Licence\u201c SPL + TMG, aus. Diese Lizenz entspricht den Anforderungen der International Civil Aviation Organisation (ICAO) und ist somit weltweit in jedem ICAO-Mitgliedsstaat anerkannt. Unter Umst\u00e4nden, z. B. aus Gr\u00fcnden der flugmedizinischen Tauglichkeit kann auch die \u201eLeichtflugzeugpiloten-Lizenz Segelflug\u201c (LAPL-S) erworben werden. Diese gilt in der europ\u00e4ischen Union und einigen weiteren Staaten, die die Regeln der EASA \u00fcbernommen haben.<\/p>\n\n\n\n<p class=\"has-colibri-color-6-color has-text-color\"><strong>Voraussetzungen f\u00fcr die Ausbildung<\/strong><\/p>\n\n\n\n<ul class=\"wp-block-list has-colibri-color-6-color has-text-color\">\n<li>Vollmitgliedschaft im Flugsportverein Cumulus Uelzen e.V.\u2028<\/li>\n\n\n\n<li>Mindestalter 14 Jahre bei Beginn der Ausbildung<\/li>\n\n\n\n<li>Besitz eines g\u00fcltigen Tauglichkeitszeugnisses<\/li>\n\n\n\n<li>Keine Vorstrafen\u2028<\/li>\n\n\n\n<li>nicht zu viele \u201ePunkte in Flensburg\u201c<\/li>\n\n\n\n<li>Bei Minderj\u00e4hrigen eine Einverst\u00e4ndniserkl\u00e4rung der gesetzlicher Vertreter<\/li>\n<\/ul>\n\n\n\n<p class=\"has-colibri-color-6-color has-text-color\"><strong>Theoretische Ausbildung<br><\/strong>Die theoretische Ausbildung erfolgt in der Regel in der Wintersaison am Flugplatz Uelzen und\/oder im Selbststudium im Rahmen eines Fernlehrgangs. Es gibt die folgenden Unterrichts- und Pr\u00fcfungsf\u00e4cher:<\/p>\n\n\n\n<ul class=\"wp-block-list has-colibri-color-6-color has-text-color\">\n<li>Luftrecht, Luftverkehrs- und Flugsicherungsvorschriften<\/li>\n\n\n\n<li>Luftrechtsaufgaben<\/li>\n\n\n\n<li>Navigation<\/li>\n\n\n\n<li>Meteorologie<\/li>\n\n\n\n<li>Aerodynamik<\/li>\n\n\n\n<li>Allgemeine Luftfahrzeugkenntnisse, Technik<\/li>\n\n\n\n<li>Verhalten in besonderen F\u00e4llen<\/li>\n\n\n\n<li>Menschliches Leistungsverm\u00f6gen<\/li>\n\n\n\n<li>Beschr\u00e4nkt g\u00fcltiges Sprechfunkzeugnis f\u00fcr den Flugfunkdienst (BZF)<\/li>\n<\/ul>\n\n\n\n<p class=\"has-colibri-color-6-color has-text-color\"><strong>Funksprechzeugnis<\/strong><br>In der Regel sp\u00e4testens alle zwei Jahre findet ein Kurs zum Erwerb des Sprechfunkzeugnisses in deutscher oder englischer Sprache (BZF II oder BZF I) statt.<\/p>\n\n\n\n<p class=\"has-colibri-color-6-color has-text-color\"><strong>Praktische Ausbildung<\/strong><br>Die praktische Ausbildung erfolgt nach den europ\u00e4ischen Lehrplan f\u00fcr SPL und wird auf Vereinsflugzeugen durchgef\u00fchrt. Geschult wird w\u00e4hrend der Segelflugsaison, d.h. von M\u00e4rz bis Oktober. Einmal im Jahr findet ein Sommerlager auf einem anderen Flugplatz statt, in der intensiv geschult wird.<\/p>\n\n\n\n<p class=\"has-colibri-color-6-color has-text-color\">Die praktische Ausbildung umfasst 15 Stunden Flugzeit mit Fluglehrer und im Alleinflug sowie einen Allein-\u00dcberlandflug von mindestens 50 km Gesamtflugstrecke<\/p>\n\n\n\n<p class=\"has-colibri-color-6-color has-text-color\"><strong>Pr\u00fcfungen<\/strong><br>Die theoretische Pr\u00fcfung wird bei der Nieders\u00e4chsischen Landesbeh\u00f6rde f\u00fcr Verkehr und Stra\u00dfenbau und Verkehr in Wolfenb\u00fcttel abgelegt und umfasst alle theoretischen Unterrichtsf\u00e4cher. Nach der Theoriepr\u00fcfung d\u00fcrfen die ersten Fl\u00fcge au\u00dferhalb der Sichtweite des Fluglehrers durchgef\u00fchrt werden. Sind alle praktischen Ausbildungsinhalte absolviert, folgt eine praktische Pr\u00fcfung vor einem von der Beh\u00f6rde bestimmten Pr\u00fcfer.<\/p>\n\n\n\n<p class=\"has-colibri-color-6-color has-text-color\"><strong>Beginn der Ausbildung<\/strong><br>Ein Beginn der Ausbildung ist jederzeit m\u00f6glich. W\u00e4hrend der Wintermonate ruht allerdings Segelflugbetrieb und es finden der sogenannte Winterbau, bei dem die Segelflugzeuge gr\u00fcndlich gewartet und f\u00fcr die n\u00e4chste Segelflugsaison vorbereitet werden, sowie der theoretische Unterricht statt. Praktische Ausbildung findet bei geeignetem Wetter ab ca. Ostern bis Ende Oktober statt.<\/p>\n\n\n\n<p class=\"has-colibri-color-6-color has-text-color\"><strong>Ausbildungsdauer<\/strong><br>Die Gesamtdauer h\u00e4ngt im wesentlichen vom den zeitlichen Engagement und vom fliegerischen Talent der Flugsch\u00fclerin oder des Flugsch\u00fclers ab. Erfahrungsgem\u00e4\u00df ist mit einer Ausbildungsdauer von ca. zwei Jahren zu rechnen.<\/p>\n\n\n\n<div style=\"height:50px\" aria-hidden=\"true\" class=\"wp-block-spacer\"><\/div>\n\n\n\n<h2 class=\"wp-block-heading\">AUSBILDUNGSKOSTEN<\/h2>\n\n\n\n<p class=\"has-colibri-color-6-color has-text-color\">Die folgende Modellrechnung basiert auf einer zweij\u00e4hrigen Schulungsdauer und soll einen \u00dcberblick \u00fcber die Ausbildungskosten geben. Aufgef\u00fchrt sind jeweils die Kosten eines jugendlichen Vollmitgliedes, das einen erm\u00e4\u00dfigten Mitgliedsbeitrag genie\u00dft, sowie das eines erwachsenen, vollen Beitrag zahlenden Mitgliedes.<\/p>\n\n\n\n<figure class=\"wp-block-table is-style-stripes\" style=\"font-size:14px\"><table class=\"has-colibri-color-6-color has-colibri-color-5-background-color has-text-color has-background has-fixed-layout\"><thead><tr><th class=\"has-text-align-right\" data-align=\"right\">Position<\/th><th class=\"has-text-align-center\" data-align=\"center\">Jugendliche<br>EUR<\/th><th class=\"has-text-align-center\" data-align=\"center\">Erwachsene<br>EUR<\/th><\/tr><\/thead><tbody><tr><td class=\"has-text-align-right\" data-align=\"right\">Einmalige Aufnahmegeb\u00fchr<\/td><td class=\"has-text-align-center\" data-align=\"center\">&nbsp;580,&#8211;<\/td><td class=\"has-text-align-center\" data-align=\"center\">&nbsp;1.160,&#8211;<\/td><\/tr><tr><td class=\"has-text-align-right\" data-align=\"right\">Mitgliedsbeitr\u00e4ge f\u00fcr zwei Jahre<\/td><td class=\"has-text-align-center\" data-align=\"center\">&nbsp;1.160,&#8211;<\/td><td class=\"has-text-align-center\" data-align=\"center\">&nbsp;2.320,&#8211;<\/td><\/tr><tr><td class=\"has-text-align-right\" data-align=\"right\">Flugstunden<\/td><td class=\"has-text-align-center\" data-align=\"center\">inklusive<\/td><td class=\"has-text-align-center\" data-align=\"center\">inklusive<\/td><\/tr><tr><td class=\"has-text-align-right\" data-align=\"right\">Windenstarts<\/td><td class=\"has-text-align-center\" data-align=\"center\">inklusive<\/td><td class=\"has-text-align-center\" data-align=\"center\">inklusive<\/td><\/tr><tr><td class=\"has-text-align-right\" data-align=\"right\">Sommerlager, 2x<\/td><td class=\"has-text-align-center\" data-align=\"center\">500,&#8211;<\/td><td class=\"has-text-align-center\" data-align=\"center\">&nbsp;500,&#8211;<\/td><\/tr><tr><td class=\"has-text-align-right\" data-align=\"right\">F-Schlepp Berechtigung<\/td><td class=\"has-text-align-center\" data-align=\"center\">200,&#8211;<\/td><td class=\"has-text-align-center\" data-align=\"center\">&nbsp;200,&#8211;<\/td><\/tr><tr><td class=\"has-text-align-right\" data-align=\"right\">Schulungsmaterialien<\/td><td class=\"has-text-align-center\" data-align=\"center\">&nbsp;150,&#8211;<\/td><td class=\"has-text-align-center\" data-align=\"center\">&nbsp;150,&#8211;<\/td><\/tr><tr><td class=\"has-text-align-right\" data-align=\"right\">Funksprechzeugnis<\/td><td class=\"has-text-align-center\" data-align=\"center\">&nbsp;150,&#8211;<\/td><td class=\"has-text-align-center\" data-align=\"center\">&nbsp;150,&#8211;<\/td><\/tr><tr><td class=\"has-text-align-right\" data-align=\"right\">Pr\u00fcfungsgeb\u00fchren<\/td><td class=\"has-text-align-center\" data-align=\"center\">&nbsp;250,&#8211;<\/td><td class=\"has-text-align-center\" data-align=\"center\">&nbsp;250,&#8211;<\/td><\/tr><tr><td class=\"has-text-align-right\" data-align=\"right\">Medizinisches Tauglichkeitszeugnis<\/td><td class=\"has-text-align-center\" data-align=\"center\">&nbsp;100,&#8211;<\/td><td class=\"has-text-align-center\" data-align=\"center\">&nbsp;100,&#8211;<\/td><\/tr><tr><td class=\"has-text-align-right\" data-align=\"right\"><strong>GESAMT&nbsp;<\/strong><\/td><td class=\"has-text-align-center\" data-align=\"center\"><strong>&nbsp;3.090,&#8211;<\/strong><\/td><td class=\"has-text-align-center\" data-align=\"center\"><strong>&nbsp;4.830,&#8211;<\/strong><\/td><\/tr><\/tbody><\/table><\/figure>\n\n\n\n<div style=\"height:50px\" aria-hidden=\"true\" class=\"wp-block-spacer\"><\/div>\n\n\n\n<h2 class=\"wp-block-heading\">SEGELFLUGLEHRER TEAM<\/h2>\n\n\n\n<figure class=\"wp-block-table is-style-stripes\" style=\"font-size:14px\"><table class=\"has-colibri-color-6-color has-colibri-color-5-background-color has-text-color has-background has-fixed-layout\"><tbody><tr><td class=\"has-text-align-center\" data-align=\"center\"><br><img loading=\"lazy\" decoding=\"async\" width=\"200\" height=\"253\" class=\"wp-image-3084\" style=\"width: 200px;\" src=\"https:\/\/www.flugplatz-uelzen.de\/wordpress\/wp-content\/uploads\/2025\/12\/Bild_Fluglehrer-1.png\" alt=\"\" srcset=\"https:\/\/www.flugplatz-uelzen.de\/wordpress\/wp-content\/uploads\/2025\/12\/Bild_Fluglehrer-1.png 803w, https:\/\/www.flugplatz-uelzen.de\/wordpress\/wp-content\/uploads\/2025\/12\/Bild_Fluglehrer-1-237x300.png 237w, https:\/\/www.flugplatz-uelzen.de\/wordpress\/wp-content\/uploads\/2025\/12\/Bild_Fluglehrer-1-768x972.png 768w\" sizes=\"auto, (max-width: 200px) 100vw, 200px\" \/><br>Philipp Baum (Ausbildungsleiter)<\/td><td class=\"has-text-align-center\" data-align=\"center\"><br><img loading=\"lazy\" decoding=\"async\" width=\"200\" height=\"251\" class=\"wp-image-3240\" style=\"width: 200px;\" src=\"https:\/\/www.flugplatz-uelzen.de\/wordpress\/wp-content\/uploads\/2026\/03\/Jan_Baucke.png\" alt=\"\"><br>Jan Baucke<\/td><td class=\"has-text-align-center\" data-align=\"center\"><br><img loading=\"lazy\" decoding=\"async\" width=\"200\" height=\"250\" class=\"wp-image-3239\" style=\"width: 200px;\" src=\"https:\/\/www.flugplatz-uelzen.de\/wordpress\/wp-content\/uploads\/2026\/03\/Carsten_Dahms.jpg\" alt=\"\" srcset=\"https:\/\/www.flugplatz-uelzen.de\/wordpress\/wp-content\/uploads\/2026\/03\/Carsten_Dahms.jpg 572w, https:\/\/www.flugplatz-uelzen.de\/wordpress\/wp-content\/uploads\/2026\/03\/Carsten_Dahms-240x300.jpg 240w\" sizes=\"auto, (max-width: 200px) 100vw, 200px\" \/><br>Carsten Dahms<\/td><\/tr><tr><td class=\"has-text-align-center\" data-align=\"center\"><br><br><img loading=\"lazy\" decoding=\"async\" width=\"200\" height=\"250\" class=\"wp-image-3268\" style=\"width: 200px;\" src=\"https:\/\/www.flugplatz-uelzen.de\/wordpress\/wp-content\/uploads\/2026\/03\/Lutz.jpg\" alt=\"\" srcset=\"https:\/\/www.flugplatz-uelzen.de\/wordpress\/wp-content\/uploads\/2026\/03\/Lutz.jpg 572w, https:\/\/www.flugplatz-uelzen.de\/wordpress\/wp-content\/uploads\/2026\/03\/Lutz-240x300.jpg 240w\" sizes=\"auto, (max-width: 200px) 100vw, 200px\" \/><br>Lutz Warneck<br><\/td><td class=\"has-text-align-center\" data-align=\"center\"><br><img loading=\"lazy\" decoding=\"async\" width=\"200\" height=\"253\" class=\"wp-image-3084\" style=\"width: 200px;\" src=\"https:\/\/www.flugplatz-uelzen.de\/wordpress\/wp-content\/uploads\/2025\/12\/Bild_Fluglehrer-1.png\" alt=\"\" srcset=\"https:\/\/www.flugplatz-uelzen.de\/wordpress\/wp-content\/uploads\/2025\/12\/Bild_Fluglehrer-1.png 803w, https:\/\/www.flugplatz-uelzen.de\/wordpress\/wp-content\/uploads\/2025\/12\/Bild_Fluglehrer-1-237x300.png 237w, https:\/\/www.flugplatz-uelzen.de\/wordpress\/wp-content\/uploads\/2025\/12\/Bild_Fluglehrer-1-768x972.png 768w\" sizes=\"auto, (max-width: 200px) 100vw, 200px\" \/><br>Dietmar Fritz<\/td><td class=\"has-text-align-center\" data-align=\"center\"><br><br><br><\/td><\/tr><\/tbody><\/table><\/figure>\n\n\n\n<div style=\"height:50px\" aria-hidden=\"true\" class=\"wp-block-spacer\"><\/div>\n\n\n\n<h2 class=\"wp-block-heading\">AUSBILDUNGSFLUGZEUGE<\/h2>\n\n\n\n<p class=\"has-colibri-color-6-color has-text-color\">F\u00fcr die praktische Ausbildung stehen vier Flugzeugtypen zur Verf\u00fcgung, die entsprechend des Ausbildungsstandes eingesetzt werden.<\/p>\n\n\n\n<figure class=\"wp-block-table is-style-stripes\" style=\"font-size:14px\"><table class=\"has-colibri-color-6-color has-colibri-color-5-background-color has-text-color has-background has-fixed-layout\"><tbody><tr><td class=\"has-text-align-center\" data-align=\"center\">ASK 21<\/td><td class=\"has-text-align-center\" data-align=\"center\"><img loading=\"lazy\" decoding=\"async\" width=\"300\" height=\"225\" class=\"wp-image-593\" style=\"width: 300px;\" src=\"https:\/\/www.flugplatz-uelzen.de\/wordpress\/wp-content\/uploads\/2023\/05\/D-6854_01_klein.jpg\" alt=\"\" srcset=\"https:\/\/www.flugplatz-uelzen.de\/wordpress\/wp-content\/uploads\/2023\/05\/D-6854_01_klein.jpg 400w, https:\/\/www.flugplatz-uelzen.de\/wordpress\/wp-content\/uploads\/2023\/05\/D-6854_01_klein-300x225.jpg 300w\" sizes=\"auto, (max-width: 300px) 100vw, 300px\" \/><\/td><td class=\"has-text-align-center\" data-align=\"center\">Anf\u00e4ngerschulung<\/td><\/tr><tr><td class=\"has-text-align-center\" data-align=\"center\">DG 505<\/td><td class=\"has-text-align-center\" data-align=\"center\"><img loading=\"lazy\" decoding=\"async\" width=\"300\" height=\"225\" class=\"wp-image-588\" style=\"width: 300px;\" src=\"https:\/\/www.flugplatz-uelzen.de\/wordpress\/wp-content\/uploads\/2023\/05\/verein-segelflug-dg505elan-web.jpg\" alt=\"\" srcset=\"https:\/\/www.flugplatz-uelzen.de\/wordpress\/wp-content\/uploads\/2023\/05\/verein-segelflug-dg505elan-web.jpg 400w, https:\/\/www.flugplatz-uelzen.de\/wordpress\/wp-content\/uploads\/2023\/05\/verein-segelflug-dg505elan-web-300x225.jpg 300w\" sizes=\"auto, (max-width: 300px) 100vw, 300px\" \/><\/td><td class=\"has-text-align-center\" data-align=\"center\">Fortgeschrittenenschulung<\/td><\/tr><tr><td class=\"has-text-align-center\" data-align=\"center\">Discus B<\/td><td class=\"has-text-align-center\" data-align=\"center\"><img decoding=\"async\" class=\"wp-image-594\" style=\"width: 300px;\" src=\"https:\/\/www.flugplatz-uelzen.de\/wordpress\/wp-content\/uploads\/2023\/05\/D-8060_01_klein.jpg\" alt=\"\"><\/td><td class=\"has-text-align-center\" data-align=\"center\">Fortgeschrittenenschulung<\/td><\/tr><tr><td class=\"has-text-align-center\" data-align=\"center\">ASW 24<\/td><td class=\"has-text-align-center\" data-align=\"center\"><img loading=\"lazy\" decoding=\"async\" width=\"300\" height=\"207\" class=\"wp-image-2458\" style=\"width: 300px;\" src=\"https:\/\/www.flugplatz-uelzen.de\/wordpress\/wp-content\/uploads\/2025\/04\/verein-segelflug-ASW24WL-web-e1764612409945.jpg\" alt=\"\" srcset=\"https:\/\/www.flugplatz-uelzen.de\/wordpress\/wp-content\/uploads\/2025\/04\/verein-segelflug-ASW24WL-web-e1764612409945.jpg 1512w, https:\/\/www.flugplatz-uelzen.de\/wordpress\/wp-content\/uploads\/2025\/04\/verein-segelflug-ASW24WL-web-e1764612409945-300x207.jpg 300w, https:\/\/www.flugplatz-uelzen.de\/wordpress\/wp-content\/uploads\/2025\/04\/verein-segelflug-ASW24WL-web-e1764612409945-1024x706.jpg 1024w, https:\/\/www.flugplatz-uelzen.de\/wordpress\/wp-content\/uploads\/2025\/04\/verein-segelflug-ASW24WL-web-e1764612409945-768x529.jpg 768w\" sizes=\"auto, (max-width: 300px) 100vw, 300px\" \/><\/td><td class=\"has-text-align-center\" data-align=\"center\">Fortgeschrittenenschulung<\/td><\/tr><tr><td class=\"has-text-align-center\" data-align=\"center\">SF 25 C<\/td><td class=\"has-text-align-center\" data-align=\"center\"><img loading=\"lazy\" decoding=\"async\" width=\"300\" height=\"193\" class=\"wp-image-3020\" style=\"width: 300px;\" src=\"https:\/\/www.flugplatz-uelzen.de\/wordpress\/wp-content\/uploads\/2025\/11\/IMG-20251122-WA00121.jpg\" alt=\"\" srcset=\"https:\/\/www.flugplatz-uelzen.de\/wordpress\/wp-content\/uploads\/2025\/11\/IMG-20251122-WA00121.jpg 1526w, https:\/\/www.flugplatz-uelzen.de\/wordpress\/wp-content\/uploads\/2025\/11\/IMG-20251122-WA00121-300x193.jpg 300w, https:\/\/www.flugplatz-uelzen.de\/wordpress\/wp-content\/uploads\/2025\/11\/IMG-20251122-WA00121-1024x660.jpg 1024w, https:\/\/www.flugplatz-uelzen.de\/wordpress\/wp-content\/uploads\/2025\/11\/IMG-20251122-WA00121-768x495.jpg 768w\" sizes=\"auto, (max-width: 300px) 100vw, 300px\" \/><\/td><td class=\"has-text-align-center\" data-align=\"center\">Motorseglerausbildung<\/td><\/tr><\/tbody><\/table><\/figure>\n\n\n\n<p><\/p>\n","protected":false},"excerpt":{"rendered":"<p>Sie sind vom Flugsport begeistert und haben Lust auf\u00b4s Fliegen und eine Ausbildung auf hohem Niveau? Dann sind Sie bei uns genau richtig! Wir, der Flugsportverein Cumulus e.V., betreiben am [&hellip;]<\/p>\n","protected":false},"author":3,"featured_media":0,"parent":0,"menu_order":0,"comment_status":"closed","ping_status":"closed","template":"","meta":{"footnotes":""},"class_list":["post-245","page","type-page","status-publish","hentry"],"_links":{"self":[{"href":"https:\/\/www.flugplatz-uelzen.de\/wordpress\/wp-json\/wp\/v2\/pages\/245","targetHints":{"allow":["GET"]}}],"collection":[{"href":"https:\/\/www.flugplatz-uelzen.de\/wordpress\/wp-json\/wp\/v2\/pages"}],"about":[{"href":"https:\/\/www.flugplatz-uelzen.de\/wordpress\/wp-json\/wp\/v2\/types\/page"}],"author":[{"embeddable":true,"href":"https:\/\/www.flugplatz-uelzen.de\/wordpress\/wp-json\/wp\/v2\/users\/3"}],"replies":[{"embeddable":true,"href":"https:\/\/www.flugplatz-uelzen.de\/wordpress\/wp-json\/wp\/v2\/comments?post=245"}],"version-history":[{"count":0,"href":"https:\/\/www.flugplatz-uelzen.de\/wordpress\/wp-json\/wp\/v2\/pages\/245\/revisions"}],"wp:attachment":[{"href":"https:\/\/www.flugplatz-uelzen.de\/wordpress\/wp-json\/wp\/v2\/media?parent=245"}],"curies":[{"name":"wp","href":"https:\/\/api.w.org\/{rel}","templated":true}]}}